{"id":351,"date":"2015-10-23T11:47:31","date_gmt":"2015-10-23T09:47:31","guid":{"rendered":"http:\/\/altaberbezahlt.org\/wordpress\/?page_id=351"},"modified":"2021-07-21T22:14:04","modified_gmt":"2021-07-21T20:14:04","slug":"naechster-termin","status":"publish","type":"page","link":"https:\/\/altaberbezahlt.org\/wordpress\/naechster-termin\/","title":{"rendered":"N\u00e4chster Termin: 25.07.2021"},"content":{"rendered":"<p><img decoding=\"async\" class=\"alignnone size-full wp-image-137\" src=\"https:\/\/altaberbezahlt.org\/wordpress\/wp-content\/uploads\/2018\/03\/alt-aber-bezahlt-banner2018_2.jpg\" alt=\"alt aber bezahlt banner2\" \/><\/p>\n<p>Am 25.07.2021 ist wieder &#8222;Alt aber bezahlt&#8220; &#8211; der monatliche Treff f\u00fcr Altautos aller Art im Neckar-Odenwald-Kreis.<\/p>\n<p>Also schnapp dein Auto, Motorrad, Mofa\/Moped oder Opas Agria oder den M\u00e4hdrescher von Vaters Bauernhof und komm vorbei. &#8230; Hauptsache Du hast Interesse an altem Blech und gibst Dir den Wahnsinn ein paar Stunden mit uns auf einem odenw\u00e4lder &#8222;Qualit\u00e4tsparkplatz&#8220; ein wenig die Freude am Altblech zu feiern.<\/p>\n<p>Eingeladen sind Fahrzeuge ab einem Alter von ca. 15 Jahren, deren Besitzer und Fans&#8230;.<\/p>\n<p>Stattfinden wird das Ganze auf dem Rastplatz an der B27 zwischen Elztal-Rittersbach und Heidersbach<\/p>\n<p><a href=\"https:\/\/altaberbezahlt.org\/wordpress\/wo-findet-es-statt\/\" target=\"_blank\" rel=\"noopener noreferrer\">Hier findet ihr eine Google-Maps-Karte mit der ihr eure Route planen k\u00f6nnt.<\/a><\/p>\n<p>Was wird geboten?<\/p>\n<p>Eine bunte Mischung von Fahrzeugen unterschiedlicher Erhaltungszust\u00e4nde und Epochen. Menschen mit denen man gemeinsam unter die Hauben schaut, Benzingespr\u00e4che f\u00fchrt und einfach mal die M\u00f6glichkeit hat, Fahrer von Vehikeln kennenzulernen, die man sonst nur immer im Vorbeifahren zu Gesicht bekommt..<\/p>\n<p>Ganz wichtig!!! Da wir uns dann wieder in der Sommerzeit befinden, starten wir <span style=\"text-decoration: underline;\"><strong>um 16.00 Uhr<\/strong><\/span><\/p>\n<p>&nbsp;<\/p>\n<p><a href=\"http:\/\/altaberbezahlt.org\/flyer\/AAB-Flyer_front.jpg\" target=\"_blank\" rel=\"noopener noreferrer\" data-cke-saved-href=\"http:\/\/aab.makrochip.de\/AAB-Flyer_front.jpg\">Alt aber b\u20aczahlt-Flyer Vorderseite<\/a><\/p>\n<p><a href=\"http:\/\/altaberbezahlt.org\/flyer\/AAB-Flyer_back.jpg\" target=\"_blank\" rel=\"noopener noreferrer\" data-cke-saved-href=\"http:\/\/aab.makrochip.de\/AAB-Flyer_back.jpg\">Alt aber b\u20aczahlt-Flyer R\u00fcckseite<\/a><\/p>\n<p><a href=\"https:\/\/www.facebook.com\/altaberbezahlt\" target=\"_blank\" rel=\"noopener noreferrer\" data-popup=\"true\" data-cke-saved-href=\"https:\/\/www.facebook.com\/events\/1599095046999032\">Alt aber b\u20aczahlt-Facebook-Gruppe<\/a><\/p>\n<p>Man sieht sich!<\/p>\n","protected":false},"excerpt":{"rendered":"<p>Am 25.07.2021 ist wieder &#8222;Alt aber bezahlt&#8220; &#8211; der monatliche Treff f\u00fcr Altautos aller Art im Neckar-Odenwald-Kreis. Also schnapp dein Auto, Motorrad, Mofa\/Moped oder Opas Agria oder den M\u00e4hdrescher von Vaters Bauernhof und komm vorbei. &#8230; Hauptsache Du hast Interesse an altem Blech und gibst Dir den Wahnsinn ein paar Stunden mit uns auf einem &#8230;<\/p>\n<a href=\"https:\/\/altaberbezahlt.org\/wordpress\/naechster-termin\/\" class=\"read-more-link\">Weiterlesen <span class=\"meta-nav\">&rarr;<\/span><\/a>","protected":false},"author":1,"featured_media":0,"parent":0,"menu_order":0,"comment_status":"closed","ping_status":"closed","template":"","meta":{"footnotes":""},"class_list":["post-351","page","type-page","status-publish","hentry","penguin-post","penguin-post-not-sticky"],"_links":{"self":[{"href":"https:\/\/altaberbezahlt.org\/wordpress\/wp-json\/wp\/v2\/pages\/351","targetHints":{"allow":["GET"]}}],"collection":[{"href":"https:\/\/altaberbezahlt.org\/wordpress\/wp-json\/wp\/v2\/pages"}],"about":[{"href":"https:\/\/altaberbezahlt.org\/wordpress\/wp-json\/wp\/v2\/types\/page"}],"author":[{"embeddable":true,"href":"https:\/\/altaberbezahlt.org\/wordpress\/wp-json\/wp\/v2\/users\/1"}],"replies":[{"embeddable":true,"href":"https:\/\/altaberbezahlt.org\/wordpress\/wp-json\/wp\/v2\/comments?post=351"}],"version-history":[{"count":64,"href":"https:\/\/altaberbezahlt.org\/wordpress\/wp-json\/wp\/v2\/pages\/351\/revisions"}],"predecessor-version":[{"id":848,"href":"https:\/\/altaberbezahlt.org\/wordpress\/wp-json\/wp\/v2\/pages\/351\/revisions\/848"}],"wp:attachment":[{"href":"https:\/\/altaberbezahlt.org\/wordpress\/wp-json\/wp\/v2\/media?parent=351"}],"curies":[{"name":"wp","href":"https:\/\/api.w.org\/{rel}","templated":true}]}}